(-2 - -23).
17
Evaluate 4 - (2 - ((-3 - -19) + -9)).
9
Calculate 9 + -2 - (6 + (8 - -4)) - -3.
-8
What is the value of (2 - (-11 - 3)) + -12 - (4 + 4)?
-4
What is the value of 19 - (39 - 8 - 4)?
-8
What is the value of (0 + -11 - 6) + (9 - 10)?
-18
What is the value of (-11 - -11 - -5) + (-16 - (-2 + 5))?
-14
Calculate -5 + (8 - -6) - (-6 - (-7 - -10)).
18
Evaluate (9 - 6) + -24 + 38.
17
Calculate 0 + 5 - (-1 + 7) - -4.
3
7 + 7 + (-13 - (6 + -12))
7
What is the value of 4 + (22 + -10 - 7) + -8 + 20?
21
Calculate 0 - 2 - (-66 + 62).
2
Evaluate -106 - -107 - (1 - 0 - 1).
1
-58 + -1 - (752 + -780)
-31
What is the value of 1 + 23 + -164 + 146?
6
13 - (16 + -6 - 7)
10
Calculate -4 + 4 + -5 - (-2 - 1) - 6.
-8
Evaluate 22 - -4 - (393 - 375).
8
Evaluate 40 + -47 + 11 + -7 + 6.
3
Evaluate -64 - -46 - (0 - 10).
-8
What is -26 - 3 - (-2 + 1 + 6 + -11)?
-23
Calculate -25 - -11 - (4 - -6).
-24
What is 1 - 12 - (71 + -65)?
-17
What is the value of (-6 + 1 - -6) + (11 - 4)?
8
-3 - (2 + 0 - -3 - (23 - 17))
-2
What is the value of 27 - 6 - 8 - 8?
5
Evaluate -17 - -57 - (18 - -4).
18
Calculate -20 + -4 + -11 + 20.
-15
What is the value of 5 - (0 + 8) - (3 + -2) - -19?
15
Evaluate -1 - 7 - (0 + -4 - 6).
2
Calculate 9 - (-16 - -28) - 5.
-8
Evaluate (-3 - 9) + 11 - ((-2 - -3) + -9).
7
3 - (6 + 33 + -28)
-8
Evaluate 6 + 6 - (-5 + -13 + 49).
-19
Evaluate (-2 - 21) + 28 + -8 + 0.
-3
Evaluate (0 - -5) + -30 + 18 + 7.
0
What is the value of -11 + 14 + -7 - 12?
-16
Calculate 0 + (-3 - (7 - (21 + -9))) - 19.
-17
What is (4 - 1 - 20) + 54 + -67?
-30
What is 44 - (61 - (48 - 18))?
13
What is 3 + -37 - (-9 + 16 - 8 - -5)?
-38
4 + 4 - (12 + -11 + -2)
9
Evaluate 9 + -46 + 14 + (0 - 5) + 3.
-25
What is the value of -2 + 18 - 3 - (-6 + 3 + 0)?
16
What is the value of (11 - 23) + -20 - -23?
-9
Evaluate (-2 - 9) + (247 - 241) + -10 + -1.
-16
What is the value of 22 + -54 + 62 + -4 + -1?
25
Calculate -10 + 12 + 6 - (19 + 5).
-16
Evaluate -21 - -1 - (-4 + -8 + 3 - -2).
-13
What is the value of -20 + (9 - -21) + -28?
-18
13 - (7 + 19 + -21)
8
33 + (4 - 30) + (-3 - -1)
5
Calculate 10 + -69 + 17 - (3 + 4 + -18).
-31
What is the value of 1 - -7 - (-16 - 4 - -24)?
4
What is (15 - -1) + -48 + 21 + 24?
13
(-13 + -13 + 12 - -4) + 35
25
Evaluate (-96 - -112) + -1 + -17 - (24 + -1).
-25
Calculate 5 + ((1 - 0) + 7 - 2 - 1).
10
Calculate 33 + -4 - (-7 - -21).
15
-1 + (10 + -11 - (0 + -1)) - -20
19
What is the value of 18 + 7 + (1 - (0 - -10)) - 6?
10
Evaluate (200 - 201) + 1 + 0.
0
Evaluate -10 + 20 + (-6 - -8 - 10) - 11.
-9
Evaluate -2 + 0 + (75 + -53 - 21).
-1
What is the value of (-3 + 10 + -20 - 0) + -11?
-24
What is 0 + (-6 - (4 - 12)) + -5?
-3
Calculate (0 + 0 - -6) + -8 + (10 - 10).
-2
What is 126 + -126 + (-15 - (5 + -2 + 0))?
-18
Calculate (-287 - -294) + -6 + 1.
2
-25 - 22 - -40 - (-1 - -8)
-14
(-5 + -9 - -5 - -1) + 27
19
Calculate 4 + -2 - -2 - ((34 - 11) + -30).
11
4 + (-1 - (5 + 7 + -5) - -10)
6
Evaluate -32 - -57 - 18 - 4.
3
Calculate -27 + (2 - -19) - (-7 - (-2 - -2)).
1
Evaluate 5 + (-5 + 0 + 2 - 1).
1
What is 22 + (8 - (3 - -14)) - (0 + -1)?
14
Evaluate -7 - 8 - (6 - (-3 + 16)).
-8
Calculate 20 - ((0 - (-6 + 1)) + 15 + -16).
16
What is the value of -2 - 1 - (5 + 10 + (-27 - -7))?
2
What is the value of -3 - 1 - (-3 - (-19 - -14)) - 3?
-9
8 - 22 - (-1 - 18)
5
What is the value of (5 - (5 + 5 + 1)) + 13 + -2?
5
Evaluate -83 + 31 + 59 - (-1 + 4).
4
16 + 3 - (35 - 23)
7
Evaluate -4 - 0 - (22 + -29 + 2 + 7).
-6
Calculate 1 + 5 + -15 + 19 + -5 + 0.
5
0 + -1 + 1 - (4 + -7 + 7)
-4
Evaluate 3 + (6 + -20 - -12).
1
What is (11 - 3) + (-9 + 9 - 0)?
8
(-7 + 1 - (3 + -2)) + -96 + 108
5
What is 1 + -19 + 60 + -34?
8
(7 - -32) + -64 + 55
30
Evaluate 23 + -2 + (-18 - -9).
12
What is the value of 5 - ((-4 - -16) + -2)?
-5
5 - ((0 - -2) + -1 + 9)
-5
What is the value of -10 + (11 - (-5 + (22 - 11) + -10))?
5
Calculate -17 - (-2 - (-3 - -6)).
-12
Evaluate (5 - (36 - 28)) + 0 + 4.
1
What is the value of 30 + (-3 - -31 - 69)?
-11
-2 - -18 - (6 + (-9 + 7 - 1))
13
What is the value of -194 + 202 - (0 - 0)?
8
Evaluate 283 + -276 + 1 + -1 + 5.
12
Calculate 0 + -2 + 6 + -8.
-4
(1 - -6 - 7) + (-6 - -14)
8
11 + (11 - 0) + -11 + -12
-1
What is the value of -4 - (25 + -9 + -40)?
20
-4 - (1 + (7 + 0 - 3))
-9
Calculate -20 + 10 + (-6 - -15).
-1
Evaluate -1 - (66 - 64 - (-6 - 0)).
-9
Calculate -26 + (-9 - -5 - 1) + 13 - -1.
-17
-1 + -29 + (-1696 - -1707)
-19
What is -12 - (6 - (2 - -13))?
-3
Evaluate 11 + (-17 + 6 + 7 - 8).
-1
Calculate (-103 - -98 - (1 - 0)) + 1.
-5
What is 0 - 9 - (26 + -30) - (1 + -4)?
-2
(-13 - -3) + (-38 - -111) + -35
28
Calculate 6 + (4 - 4) + 9.
15
What is the value of -16 + 44 + (0 - -12) - 12?
28
Evaluate (5 - (40 + 0)) + 8.
-27
What is the value of (14 - -11) + -3 + -34?
-12
What is the value of 19 - (32 + -3 + 7)?
-17
What is 2 + 0 - (1 + -4) - (-4 - 2)?
11
Calculate -7 + 4 + (8 - -11) + 9 + -8.
17
Calculate 0 + (46 + -41 - (12 + (-2 - -2))).
-7
Evaluate (-18 + -22 - -32) + -12 + 2.
-18
Calculate (-11 - (-12 + -29 + 9)) + -12.
9
Calculate 312 + -309 + -22 + -5.
-24
Evaluate 42 + -44 - (2 + 6 + -1).
-9
Evaluate 1 - 1 - (-68 + 68 - -22).
-22
Evaluate 0 + 3 - (3 + -1 + -2 + 5).
-2
What is -2 + -16 + 16 + (1 - -7) - 1?
5
(11 - (8 + -6) - 11) + -8
-10
Calculate (7 + -1 - 2) + -12 + -2 + 0.
-10
What is 2 + -2 + 17 - (-26 + 13 - -14)?
16
Evaluate (-27 + 3 - -17) + -1 + -11.
-19
Calculate (20 + -24 - (-4 + 1)) + (49 - 50).
-2
What is the value of -7 + -8 + 24 + 10?
19
12 + (8 - 17) + 1 + 1 + 15
20
Evaluate (56 - 35) + -31 + 3.
-7
What is the value of 6 - ((-2 - -10) + -8 + (-2 - -6))?
2
What is -27 + 21 + (14 - -11)?
19
What is the value of (0 - -7) + (-132 - -114) - -1?
-10
What is (1 + 3 - 5) + (30 - 33)?
-4
What is the value of 2 + -5 - (12 + (18 - 20) + -17)?
4
Evaluate (-23 + 26 - (11 - 0)) + 3 + -7.
-12
Evaluate (-12 - -5) + -3 + (4 + -4 - -5).
-5
What is (-2 - (-8 + 15 + -2)) + 2?
-5
Evaluate 181 + -167 + 0 + 0.
14
Evaluate -33 + 46 + -23 + 17.
7
Evaluate -15 + 26 + 22 + -15.
18
What is the value of (4 - (9 + 0)) + 1 + -5?
-9
What is the value of -4 - (1 - 6 - -7) - 9?
-15
Evaluate 8 - (4 + -1 - (2 + 6)).
13
Evaluate 1 - (15 + (4 - 6)).
-12
-26 + (-28 - -50) + 27
23
6 - 2 - (17 + 1 + -17)
3
Calculate 1 - 17 - 3 - -1.
-18
What is 42 + -76 + 31 - (4 - 42)?
35
Calculate 1 - (-3 - -2) - (15 + -20 + 10).
-3
What is the value of -27 - (12 + -29) - -3 - (-1 - -5)?
-11
Evaluate -7 + (9 - (1 - 9 - -6)).
4
What is -23 - (21 + 3 + -23)?
-24
68 + -91 - (1 + 0 + -3)
-21
What is the value of (-42 + (16 - -30) - (0 - -25)) + 3?
-18
Evaluate 2 + (26 - (-28 - -53)).
3
Evaluate -20 - -9 - (-3 - 18 - -20).
-10
Calculate 3 + -1 - (0 - 3 - (-40 - -1)).
-34
-12 - 9 - -30 - 23
-14
-15 + -18 + 18 - -14 - 23
-24
Evaluate (-11 - (12 - 3)) + 34.
14
Calculate -19 - (17 + (-18 - -4) - 20).
-2
-2 + -8 + (15 - 7) + -8
-10
Calculate 14 - (10 + (8 - 15)) - 8.
3
What is the value of (3 - (-14 - -15)) + -4 + (12 - 0)?
10
What is 11 - (130 + -138 - (2 - -3))?
24
What is 21 - (10 + 5 + -6 + -4 + 5)?
11
What is -2 - (4 - 2) - (21 - 2 - 23)?
0
Evaluate 9 - (-3 + (31 + -5 - -8) - 0).
-22
What is the value of -8 + 0 + 126 + -113 + 6?
11
What is (-79 - -66 - (1 - 6)) + 13?
5
Calculate 9 + (6 - 8) + -11 - 6.
-10
Calculate -48 + 50 + 8 + -1 + -5.
4
Evaluate 92 + -91 - (-9 + -2) - 29.
-17
What is 10 - (-2 + (-5 + 1 - (-32 - -27)))?
11
Evaluate -1 - -2 - 3 - ((-9 - -5) + -7).
9
Calculate -5 - 1 - (2 - -4 - -1) - -2.
-11
What is -1 - -9 - (3 - -3) - -15?
17
18 + -21 + (9 + -5 - -2 - 4)
-1
What is 9 + (0 - 9) + -12?
-12
Evaluate (-3 - 2) + (11 - 1) + (-46 - -34).
-7
Evaluate 22 + (-16 + -30 - -22).
-2
(35 - 11) + -19 - (-3 + -10)
18
Evaluate (5 - 0 - (-11 + 16 - -4)) + 22.
18
34 - 27 - ((3 - (-1 - -4)) + -1)
8
What is (-2 - (1 + -8)) + 317 + -300?
22
What is -1 - (1 + -14) - 16 - -18?
14
-7 - ((-1 - 1) + -5 - (-38 + 47))
9
Evaluate (1 - -19) + 898 + -919.
-1
What is -11 + (17 + -35 - -27) + 0 + 3?
1
What is (-2 - 2) + (-72 - -68)?
-8
10 - (3 + (27 - 20))
0
69 + -72 + -2 + (-1 - -9)
3
(38 - 37) + (-15 - (-5 + 2))
-11
What is the value of 16 - (6 + (-6 - 0 - (-5 - -6)))?
17
-15 + -17 + 10 + 1 + 13
-8
What is the value of 85 + -85 + 5 + 3?
8
(2 - 0) + 2 + 1
5
(-1 - -31) + -37 + 62 + -38
17
(19 - ((43 - 40) + (1 - -2))) + 0
13
Ca